igit of 7520?
0
What is the tens digit of 74196?
9
What is the ten thousands digit of 17605?
1
What is the tens digit of 22492?
9
What is the tens digit of 7223?
2
What is the thousands digit of 18500?
8
What is the hundreds digit of 834?
8
What is the tens digit of 15625?
2
What is the hundreds digit of 10803?
8
What is the units digit of 68?
8
What is the hundreds digit of 2446?
4
What is the units digit of 921?
1
What is the hundreds digit of 101169?
1
What is the thousands digit of 4533?
4
What is the thousands digit of 15255?
5
What is the units digit of 106544?
4
What is the thousands digit of 19014?
9
What is the thousands digit of 113447?
3
What is the tens digit of 6820?
2
What is the tens digit of 6430?
3
What is the ten thousands digit of 74482?
7
What is the hundreds digit of 111?
1
What is the units digit of 692?
2
What is the tens digit of 3721?
2
What is the tens digit of 7726?
2
What is the thousands digit of 28236?
8
What is the hundreds digit of 9855?
8
What is the hundreds digit of 48959?
9
What is the hundreds digit of 87614?
6
What is the tens digit of 20873?
7
What is the hundreds digit of 4069?
0
What is the tens digit of 17337?
3
What is the hundreds digit of 3157?
1
What is the tens digit of 3158?
5
What is the units digit of 178061?
1
What is the units digit of 1701?
1
What is the units digit of 91265?
5
What is the thousands digit of 10081?
0
What is the thousands digit of 10151?
0
What is the hundreds digit of 6980?
9
What is the tens digit of 3855?
5
What is the thousands digit of 38390?
8
What is the units digit of 843?
3
What is the units digit of 54?
4
What is the ten thousands digit of 179631?
7
What is the tens digit of 1151?
5
What is the ten thousands digit of 29092?
2
What is the thousands digit of 33021?
3
What is the thousands digit of 23742?
3
What is the thousands digit of 9931?
9
What is the hundreds digit of 33413?
4
What is the units digit of 635?
5
What is the hundreds digit of 8918?
9
What is the hundreds digit of 1841?
8
What is the units digit of 110?
0
What is the units digit of 4065?
5
What is the hundreds digit of 21105?
1
What is the hundreds digit of 34778?
7
What is the tens digit of 5752?
5
What is the thousands digit of 8519?
8
What is the hundreds digit of 2945?
9
What is the tens digit of 4692?
9
What is the units digit of 439?
9
What is the hundred thousands digit of 103232?
1
What is the tens digit of 4307?
0
What is the tens digit of 434?
3
What is the thousands digit of 134722?
4
What is the units digit of 565?
5
What is the thousands digit of 2247?
2
What is the tens digit of 34512?
1
What is the hundreds digit of 1388?
3
What is the thousands digit of 3218?
3
What is the hundreds digit of 1380?
3
What is the tens digit of 3743?
4
What is the tens digit of 807?
0
What is the hundreds digit of 416?
4
What is the tens digit of 19175?
7
What is the tens digit of 3529?
2
What is the thousands digit of 9442?
9
What is the ten thousands digit of 105296?
0
What is the tens digit of 6314?
1
What is the units digit of 15905?
5
What is the units digit of 11?
1
What is the units digit of 18756?
6
What is the thousands digit of 21860?
1
What is the units digit of 1808?
8
What is the units digit of 1948?
8
What is the ten thousands digit of 10880?
1
What is the hundreds digit of 7320?
3
What is the thousands digit of 3896?
3
What is the hundreds digit of 4293?
2
What is the units digit of 338?
8
What is the ten thousands digit of 45997?
4
What is the tens digit of 501?
0
What is the hundreds digit of 11538?
5
What is the hundreds digit of 103461?
4
What is the tens digit of 928?
2
What is the hundreds digit of 42101?
1
What is the hundreds digit of 262?
2
What is the hundreds digit of 3702?
7
What is the hundreds digit of 3010?
0
What is the thousands digit of 15504?
5
What is the thousands digit of 8101?
8
What is the thousands digit of 75507?
5
What is the units digit of 1185?
5
What is the ten thousands digit of 203545?
0
What is the units digit of 207?
7
What is the units digit of 753?
3
What is the hundreds digit of 65379?
3
What is the hundreds digit of 19753?
7
What is the thousands digit of 1135?
1
What is the tens digit of 534?
3
What is the hundreds digit of 296?
2
What is the hundred thousands digit of 114920?
1
What is the tens digit of 1902?
0
What is the tens digit of 1050?
5
What is the hundreds digit of 21540?
5
What is the tens digit of 6183?
8
What is the thousands digit of 125766?
5
What is the hundreds digit of 1267?
2
What is the tens digit of 44?
4
What is the hundreds digit of 2570?
5
What is the units digit of 565?
5
What is the units digit of 11446?
6
What is the thousands digit of 103808?
3
What is the units digit of 17878?
8
What is the thousands digit of 9593?
9
What is the tens digit of 486?
8
What is the tens digit of 397?
9
What is the hundred thousands digit of 120859?
1
What is the thousands digit of 1877?
1
What is the ten thousands digit of 21745?
2
What is the units digit of 1959?
9
What is the thousands digit of 9854?
9
What is the hundreds digit of 1814?
8
What is the tens digit of 19058?
5
What is the units digit of 897?
7
What is the tens digit of 96724?
2
What is the units digit of 3703?
3
What is the hundreds digit of 592?
5
What is the hundreds digit of 1591?
5
What is the thousands digit of 4224?
4
What is the hundreds digit of 983?
9
What is the hundreds digit of 8777?
7
What is the hundreds digit of 57376?
3
What is the thousands digit of 11764?
1
What is the thousands digit of 1462?
1
What is the tens digit of 17951?
5
What is the hundreds digit of 10647?
6
What is the tens digit of 24180?
8
What is the thousands digit of 41071?
1
What is the tens digit of 631?
3
What is the thousands digit of 1486?
1
What is the tens digit of 1341?
4
What is the tens digit of 4109?
0
What is the ten thousands digit of 76846?
7
What is the hundreds digit of 1968?
9
What is the units digit of 21232?
2
What is the hundreds digit of 437?
4
What is the units digit of 16960?
0
What is the tens digit of 5914?
1
What is the thousands digit of 1424?
1
What is the thousands digit of 1389?
1
What is the units digit of 1354?
4
What is the tens digit of 25868?
6
What is the ten thousands digit of 12947?
1
What is the tens digit of 414?
1
What is the units digit of 3386?
6
What is the thousands digit of 1327?
1
What is the thousands digit of 7580?
7
What is the tens digit of 11962?
6
What is the hundreds digit of 75190?
1
What is the hundreds digit of 52519?
5
What is the ten thousands digit of 153010?
5
What is the thousands digit of 14041?
4
What is the thousands digit of 4219?
4
What is the units digit of 10212?
2
What is the hundreds digit of 2081?
0
What is the hundreds digit of 4095?
0
What is the units digit of 883?
3
What is the thousands digit of 5497?
5
What is the tens digit of 497?
9
What is the tens digit of 13213?
1
What is the hundreds digit of 118779?
7
What is the units digit of 1176?
6
What is the thousands digit of 9454?
9
What is the hundreds digit of 2623?
6
What is the units digit of 52341?
1
What is the tens digit of 9729?
2
What is the units digit of 89?
9
What is the units digit of 2626?
6
What is the ten thousands digit of 140718?
4
What is the thousands digit of 7826?
7
What is the thousands digit of 9465?
9
What is the thousands digit of 67411?
7
What is the ten thousands digit of 27154?
2
What is the tens digit of 1009?
0
What is the thousands digit of 2448?
2
What is the hundreds digit of 498?
4
What is the hundreds digit of 34500?
5
What is the thousands digit of 2144?
2
What is the tens digit of 24435?
3
What is the tens digit of 3427?
2
What is the tens digit of 752?
5
What is the tens digit of 370?
7
What is the units digit of 140?
0
What is the ten thousands digit of 42422?
4
What is the thousands digit of 5761?
5
What is the units digit of 26477?
7
What is the thousands digit of 1780?
1
What is the thousands digit of 97069?
7
What is the tens digit of 1456?
5
What is the tens digit of 771?
7
What is the ten thousands digit of 11608?
1
What is the thousands digit of 13818?
3
What is the hundreds digit of 15204?
2
What is the thousands digit of 3978?
3
What is the thousands digit of 1889?
1
What is the tens digit of 20951?
5
What is the un